{"id":426,"date":"2025-05-07T16:21:03","date_gmt":"2025-05-07T14:21:03","guid":{"rendered":"http:\/\/ziemianie-nowenarracje.localhost\/?page_id=426"},"modified":"2025-11-12T12:10:17","modified_gmt":"2025-11-12T11:10:17","slug":"jak-mowic-o-srodowisku-i-zmianie-klimatu","status":"publish","type":"page","link":"https:\/\/ziemianieatakuja.pl\/narracje\/jak-mowic-o-srodowisku-i-zmianie-klimatu\/","title":{"rendered":"Jak m\u00f3wi\u0107 o \u015brodowisku i&nbsp;zmianie klimatu?"},"content":{"rendered":"<p>To smutne, ale jeszcze przed rozpocz\u0119ciem projektu wiemy, \u017ce frazy \u201czmiana klimatu\u201d, \u201ckatastrofa \u015brodowiskowa\u201d, \u201cb\u0105d\u017a eko\u201d to s\u0142owa zakazane. Zosta\u0142y przez ostatnie lata wypowiedziane zbyt wiele razy i przesta\u0142y pe\u0142ni\u0107 swoj\u0105 funkcj\u0119. Odmieniona przez wszystkie przypadki \u201czmiana klimatu\u201d nie znaczy ju\u017c nic, a \u201cekolog\u201d kojarzy si\u0119 z buntownikiem blokuj\u0105cym ruch w centrum miasta lub oblewaj\u0105cym farb\u0105 dzie\u0142a sztuki. To nie jest j\u0119zyk korzy\u015bci, zdozumia\u0142y dla odbiorcy.<\/p>\n<p>Musimy do sprawy podej\u015b\u0107 inaczej. Wraz z gronem ekspert\u00f3w cofniemy si\u0119 w czasie do epoki romantyzmu, gdy jeszcze by zrozumie\u0107 problem i znale\u017a\u0107 rozwi\u0105zanie, trzeba by\u0142o po\u0142\u0105czy\u0107 r\u00f3\u017cne dziedziny nauki. Dzi\u015b po dw\u00f3ch wiekach specjalizacji jest to szczeg\u00f3lnie trudne, ale mamy na to pomys\u0142.<\/p>\n<p>W dniach 23-25 czerwca w Mazurskim Centrum Bior\u00f3\u017cnorodno\u015bci KUMAK odb\u0119dzie si\u0119 spotkanie Czterech \u015awiat\u00f3w: przedstawicieli nauk \u015bcis\u0142ych, spo\u0142ecznych, humanistycznych oraz tw\u00f3rc\u00f3w i dziennikarzy. Po\u0142\u0105czymy swoje kompetencje, by zrozumie\u0107 wyzwania, przed kt\u00f3rymi stoimy i znale\u017a\u0107 pomys\u0142y na j\u0119zyk i narracje, kt\u00f3re spowoduj\u0105 zmiany postaw i zachowa\u0144 ludzi.<\/p>\n<p>A oto&#8230;:<\/p>\n","protected":false},"excerpt":{"rendered":"<p>To smutne, ale jeszcze przed rozpocz\u0119ciem projektu wiemy, \u017ce frazy \u201czmiana klimatu\u201d, \u201ckatastrofa \u015brodowiskowa\u201d, \u201cb\u0105d\u017a eko\u201d to s\u0142owa zakazane. Zosta\u0142y przez ostatnie lata wypowiedziane zbyt wiele razy i przesta\u0142y pe\u0142ni\u0107&#8230;<\/p>\n","protected":false},"author":1,"featured_media":0,"parent":0,"menu_order":0,"comment_status":"closed","ping_status":"closed","template":"","meta":{"footnotes":""},"class_list":["post-426","page","type-page","status-publish","hentry"],"acf":[],"yoast_head":"<!-- This site is optimized with the Yoast SEO plugin v25.0 - https:\/\/yoast.com\/wordpress\/plugins\/seo\/ -->\n<title>Jak m\u00f3wi\u0107 o \u015brodowisku i&nbsp;zmianie klimatu? - Ziemianie Atakuj\u0105 - Nowe Narracje<\/title>\n<meta name=\"robots\" content=\"index, follow, max-snippet:-1, max-image-preview:large, max-video-preview:-1\" \/>\n<link rel=\"canonical\" href=\"https:\/\/ziemianieatakuja.pl\/narracje\/jak-mowic-o-srodowisku-i-zmianie-klimatu\/\" \/>\n<meta property=\"og:locale\" content=\"pl_PL\" \/>\n<meta property=\"og:type\" content=\"article\" \/>\n<meta property=\"og:title\" content=\"Jak m\u00f3wi\u0107 o \u015brodowisku i&nbsp;zmianie klimatu? - Ziemianie Atakuj\u0105 - Nowe Narracje\" \/>\n<meta property=\"og:description\" content=\"To smutne, ale jeszcze przed rozpocz\u0119ciem projektu wiemy, \u017ce frazy \u201czmiana klimatu\u201d, \u201ckatastrofa \u015brodowiskowa\u201d, \u201cb\u0105d\u017a eko\u201d to s\u0142owa zakazane. Zosta\u0142y przez ostatnie lata wypowiedziane zbyt wiele razy i przesta\u0142y pe\u0142ni\u0107...\" \/>\n<meta property=\"og:url\" content=\"https:\/\/ziemianieatakuja.pl\/narracje\/jak-mowic-o-srodowisku-i-zmianie-klimatu\/\" \/>\n<meta property=\"og:site_name\" content=\"Ziemianie Atakuj\u0105 - Nowe Narracje\" \/>\n<meta property=\"article:modified_time\" content=\"2025-11-12T11:10:17+00:00\" \/>\n<meta name=\"twitter:card\" content=\"summary_large_image\" \/>\n<meta name=\"twitter:label1\" content=\"Szacowany czas czytania\" \/>\n\t<meta name=\"twitter:data1\" content=\"1 minuta\" \/>\n<script type=\"application\/ld+json\" class=\"yoast-schema-graph\">{\"@context\":\"https:\/\/schema.org\",\"@graph\":[{\"@type\":\"WebPage\",\"@id\":\"https:\/\/ziemianieatakuja.pl\/narracje\/jak-mowic-o-srodowisku-i-zmianie-klimatu\/\",\"url\":\"https:\/\/ziemianieatakuja.pl\/narracje\/jak-mowic-o-srodowisku-i-zmianie-klimatu\/\",\"name\":\"Jak m\u00f3wi\u0107 o \u015brodowisku i&nbsp;zmianie klimatu? - Ziemianie Atakuj\u0105 - Nowe Narracje\",\"isPartOf\":{\"@id\":\"https:\/\/ziemianieatakuja.pl\/narracje\/#website\"},\"datePublished\":\"2025-05-07T14:21:03+00:00\",\"dateModified\":\"2025-11-12T11:10:17+00:00\",\"breadcrumb\":{\"@id\":\"https:\/\/ziemianieatakuja.pl\/narracje\/jak-mowic-o-srodowisku-i-zmianie-klimatu\/#breadcrumb\"},\"inLanguage\":\"pl-PL\",\"potentialAction\":[{\"@type\":\"ReadAction\",\"target\":[\"https:\/\/ziemianieatakuja.pl\/narracje\/jak-mowic-o-srodowisku-i-zmianie-klimatu\/\"]}]},{\"@type\":\"BreadcrumbList\",\"@id\":\"https:\/\/ziemianieatakuja.pl\/narracje\/jak-mowic-o-srodowisku-i-zmianie-klimatu\/#breadcrumb\",\"itemListElement\":[{\"@type\":\"ListItem\",\"position\":1,\"name\":\"Strona g\u0142\u00f3wna\",\"item\":\"https:\/\/ziemianieatakuja.pl\/narracje\/\"},{\"@type\":\"ListItem\",\"position\":2,\"name\":\"Jak m\u00f3wi\u0107 o \u015brodowisku i&nbsp;zmianie klimatu?\"}]},{\"@type\":\"WebSite\",\"@id\":\"https:\/\/ziemianieatakuja.pl\/narracje\/#website\",\"url\":\"https:\/\/ziemianieatakuja.pl\/narracje\/\",\"name\":\"Ziemianie Atakuj\u0105 - Nowe Narracje\",\"description\":\"\",\"potentialAction\":[{\"@type\":\"SearchAction\",\"target\":{\"@type\":\"EntryPoint\",\"urlTemplate\":\"https:\/\/ziemianieatakuja.pl\/narracje\/?s={search_term_string}\"},\"query-input\":{\"@type\":\"PropertyValueSpecification\",\"valueRequired\":true,\"valueName\":\"search_term_string\"}}],\"inLanguage\":\"pl-PL\"}]}<\/script>\n<!-- \/ Yoast SEO plugin. -->","yoast_head_json":{"title":"Jak m\u00f3wi\u0107 o \u015brodowisku i&nbsp;zmianie klimatu? - Ziemianie Atakuj\u0105 - Nowe Narracje","robots":{"index":"index","follow":"follow","max-snippet":"max-snippet:-1","max-image-preview":"max-image-preview:large","max-video-preview":"max-video-preview:-1"},"canonical":"https:\/\/ziemianieatakuja.pl\/narracje\/jak-mowic-o-srodowisku-i-zmianie-klimatu\/","og_locale":"pl_PL","og_type":"article","og_title":"Jak m\u00f3wi\u0107 o \u015brodowisku i&nbsp;zmianie klimatu? - Ziemianie Atakuj\u0105 - Nowe Narracje","og_description":"To smutne, ale jeszcze przed rozpocz\u0119ciem projektu wiemy, \u017ce frazy \u201czmiana klimatu\u201d, \u201ckatastrofa \u015brodowiskowa\u201d, \u201cb\u0105d\u017a eko\u201d to s\u0142owa zakazane. Zosta\u0142y przez ostatnie lata wypowiedziane zbyt wiele razy i przesta\u0142y pe\u0142ni\u0107...","og_url":"https:\/\/ziemianieatakuja.pl\/narracje\/jak-mowic-o-srodowisku-i-zmianie-klimatu\/","og_site_name":"Ziemianie Atakuj\u0105 - Nowe Narracje","article_modified_time":"2025-11-12T11:10:17+00:00","twitter_card":"summary_large_image","twitter_misc":{"Szacowany czas czytania":"1 minuta"},"schema":{"@context":"https:\/\/schema.org","@graph":[{"@type":"WebPage","@id":"https:\/\/ziemianieatakuja.pl\/narracje\/jak-mowic-o-srodowisku-i-zmianie-klimatu\/","url":"https:\/\/ziemianieatakuja.pl\/narracje\/jak-mowic-o-srodowisku-i-zmianie-klimatu\/","name":"Jak m\u00f3wi\u0107 o \u015brodowisku i&nbsp;zmianie klimatu? - Ziemianie Atakuj\u0105 - Nowe Narracje","isPartOf":{"@id":"https:\/\/ziemianieatakuja.pl\/narracje\/#website"},"datePublished":"2025-05-07T14:21:03+00:00","dateModified":"2025-11-12T11:10:17+00:00","breadcrumb":{"@id":"https:\/\/ziemianieatakuja.pl\/narracje\/jak-mowic-o-srodowisku-i-zmianie-klimatu\/#breadcrumb"},"inLanguage":"pl-PL","potentialAction":[{"@type":"ReadAction","target":["https:\/\/ziemianieatakuja.pl\/narracje\/jak-mowic-o-srodowisku-i-zmianie-klimatu\/"]}]},{"@type":"BreadcrumbList","@id":"https:\/\/ziemianieatakuja.pl\/narracje\/jak-mowic-o-srodowisku-i-zmianie-klimatu\/#breadcrumb","itemListElement":[{"@type":"ListItem","position":1,"name":"Strona g\u0142\u00f3wna","item":"https:\/\/ziemianieatakuja.pl\/narracje\/"},{"@type":"ListItem","position":2,"name":"Jak m\u00f3wi\u0107 o \u015brodowisku i&nbsp;zmianie klimatu?"}]},{"@type":"WebSite","@id":"https:\/\/ziemianieatakuja.pl\/narracje\/#website","url":"https:\/\/ziemianieatakuja.pl\/narracje\/","name":"Ziemianie Atakuj\u0105 - Nowe Narracje","description":"","potentialAction":[{"@type":"SearchAction","target":{"@type":"EntryPoint","urlTemplate":"https:\/\/ziemianieatakuja.pl\/narracje\/?s={search_term_string}"},"query-input":{"@type":"PropertyValueSpecification","valueRequired":true,"valueName":"search_term_string"}}],"inLanguage":"pl-PL"}]}},"_links":{"self":[{"href":"https:\/\/ziemianieatakuja.pl\/narracje\/wp-json\/wp\/v2\/pages\/426","targetHints":{"allow":["GET"]}}],"collection":[{"href":"https:\/\/ziemianieatakuja.pl\/narracje\/wp-json\/wp\/v2\/pages"}],"about":[{"href":"https:\/\/ziemianieatakuja.pl\/narracje\/wp-json\/wp\/v2\/types\/page"}],"author":[{"embeddable":true,"href":"https:\/\/ziemianieatakuja.pl\/narracje\/wp-json\/wp\/v2\/users\/1"}],"replies":[{"embeddable":true,"href":"https:\/\/ziemianieatakuja.pl\/narracje\/wp-json\/wp\/v2\/comments?post=426"}],"version-history":[{"count":37,"href":"https:\/\/ziemianieatakuja.pl\/narracje\/wp-json\/wp\/v2\/pages\/426\/revisions"}],"predecessor-version":[{"id":576,"href":"https:\/\/ziemianieatakuja.pl\/narracje\/wp-json\/wp\/v2\/pages\/426\/revisions\/576"}],"wp:attachment":[{"href":"https:\/\/ziemianieatakuja.pl\/narracje\/wp-json\/wp\/v2\/media?parent=426"}],"curies":[{"name":"wp","href":"https:\/\/api.w.org\/{rel}","templated":true}]}}

Jak mówić o środowisku i&nbsp;zmianie klimatu?

<p>To smutne, ale jeszcze przed rozpoczęciem projektu wiemy, że frazy “zmiana klimatu”, “katastrofa środowiskowa”, “bądź eko” to słowa zakazane. Zostały przez ostatnie lata wypowiedziane zbyt wiele razy i przestały pełnić swoją funkcję. Odmieniona przez wszystkie przypadki “zmiana klimatu” nie znaczy już nic, a “ekolog” kojarzy się z buntownikiem blokującym ruch w centrum miasta lub oblewającym farbą dzieła sztuki. To nie jest język korzyści, zdozumiały dla odbiorcy.</p>
<p>Musimy do sprawy podejść inaczej. Wraz z gronem ekspertów cofniemy się w czasie do epoki romantyzmu, gdy jeszcze by zrozumieć problem i znaleźć rozwiązanie, trzeba było połączyć różne dziedziny nauki. Dziś po dwóch wiekach specjalizacji jest to szczególnie trudne, ale mamy na to pomysł.</p>
<p>W dniach 23-25 czerwca w Mazurskim Centrum Bioróżnorodności KUMAK odbędzie się spotkanie Czterech Światów: przedstawicieli nauk ścisłych, społecznych, humanistycznych oraz twórców i dziennikarzy. Połączymy swoje kompetencje, by zrozumieć wyzwania, przed którymi stoimy i znaleźć pomysły na język i narracje, które spowodują zmiany postaw i zachowań ludzi.</p>
<p>A oto&#8230;:</p>

<p>To smutne, ale jeszcze przed rozpoczęciem projektu wiemy, że frazy “zmiana klimatu”, “katastrofa środowiskowa”, “bądź eko” to słowa zakazane. Zostały przez ostatnie lata wypowiedziane zbyt wiele razy i przestały pełnić&#8230;</p>

<!-- This site is optimized with the Yoast SEO plugin v25.0 - https://yoast.com/wordpress/plugins/seo/ -->
<title>Jak mówić o środowisku i&nbsp;zmianie klimatu? - Ziemianie Atakują - Nowe Narracje</title>
<meta name="robots" content="index, follow, max-snippet:-1, max-image-preview:large, max-video-preview:-1" />
<link rel="canonical" href="https://ziemianieatakuja.pl/narracje/jak-mowic-o-srodowisku-i-zmianie-klimatu/" />
<meta property="og:locale" content="pl_PL" />
<meta property="og:type" content="article" />
<meta property="og:title" content="Jak mówić o środowisku i&nbsp;zmianie klimatu? - Ziemianie Atakują - Nowe Narracje" />
<meta property="og:description" content="To smutne, ale jeszcze przed rozpoczęciem projektu wiemy, że frazy “zmiana klimatu”, “katastrofa środowiskowa”, “bądź eko” to słowa zakazane. Zostały przez ostatnie lata wypowiedziane zbyt wiele razy i przestały pełnić..." />
<meta property="og:url" content="https://ziemianieatakuja.pl/narracje/jak-mowic-o-srodowisku-i-zmianie-klimatu/" />
<meta property="og:site_name" content="Ziemianie Atakują - Nowe Narracje" />
<meta property="article:modified_time" content="2025-11-12T11:10:17+00:00" />
<meta name="twitter:card" content="summary_large_image" />
<meta name="twitter:label1" content="Szacowany czas czytania" />
	<meta name="twitter:data1" content="1 minuta" />
<script type="application/ld+json" class="yoast-schema-graph">{"@context":"https://schema.org","@graph":[{"@type":"WebPage","@id":"https://ziemianieatakuja.pl/narracje/jak-mowic-o-srodowisku-i-zmianie-klimatu/","url":"https://ziemianieatakuja.pl/narracje/jak-mowic-o-srodowisku-i-zmianie-klimatu/","name":"Jak mówić o środowisku i&nbsp;zmianie klimatu? - Ziemianie Atakują - Nowe Narracje","isPartOf":{"@id":"https://ziemianieatakuja.pl/narracje/#website"},"datePublished":"2025-05-07T14:21:03+00:00","dateModified":"2025-11-12T11:10:17+00:00","breadcrumb":{"@id":"https://ziemianieatakuja.pl/narracje/jak-mowic-o-srodowisku-i-zmianie-klimatu/#breadcrumb"},"inLanguage":"pl-PL","potentialAction":[{"@type":"ReadAction","target":["https://ziemianieatakuja.pl/narracje/jak-mowic-o-srodowisku-i-zmianie-klimatu/"]}]},{"@type":"BreadcrumbList","@id":"https://ziemianieatakuja.pl/narracje/jak-mowic-o-srodowisku-i-zmianie-klimatu/#breadcrumb","itemListElement":[{"@type":"ListItem","position":1,"name":"Strona główna","item":"https://ziemianieatakuja.pl/narracje/"},{"@type":"ListItem","position":2,"name":"Jak mówić o środowisku i&nbsp;zmianie klimatu?"}]},{"@type":"WebSite","@id":"https://ziemianieatakuja.pl/narracje/#website","url":"https://ziemianieatakuja.pl/narracje/","name":"Ziemianie Atakują - Nowe Narracje","description":"","potentialAction":[{"@type":"SearchAction","target":{"@type":"EntryPoint","urlTemplate":"https://ziemianieatakuja.pl/narracje/?s={search_term_string}"},"query-input":{"@type":"PropertyValueSpecification","valueRequired":true,"valueName":"search_term_string"}}],"inLanguage":"pl-PL"}]}</script>
<!-- / Yoast SEO plugin. -->

Jak mówić o środowisku i&nbsp;zmianie klimatu? - Ziemianie Atakują - Nowe Narracje

To smutne, ale jeszcze przed rozpoczęciem projektu wiemy, że frazy “zmiana klimatu”, “katastrofa środowiskowa”, “bądź eko” to słowa zakazane. Zostały przez ostatnie lata wypowiedziane zbyt wiele razy i przestały pełnić...

Ziemianie Atakują - Nowe Narracje

Strona główna
